-- http://www.phpmyadmin.net
--
-- Versão do servidor: 5.6.17




--
-- Database: `certifica2`
--

--
-- Extraindo dados da tabela `cms_tipo_especie_permisos_corta`
--

INSERT INTO `cms_tipo_especie_permisos_corta` (`tipo`, `texto`, `orden`) VALUES
('D', 'En dominio público hidráulico', 1),
('P', 'En zona de policía', 3),
('S', 'En zona de servidumbre', 2);

--
-- Extraindo dados da tabela `datos_legais`
--

INSERT INTO `datos_legais` (`id`, `nome_empresa`, `cif`, `provincia`, `municipio`, `codigo_postal`, `localidade`, `direccion`, `telefono1`, `telefono2`, `email`, `fsv`, `pefc`, `texto_legal`, `imagen`, `imagen2`, `codigo1`, `codigo2`) VALUES
(5, '', '', NULL, NULL, NULL, NULL, '', NULL, NULL, '', '', '', '', NULL, NULL, '', '');


--
-- Extraindo dados da tabela `especies`
--

INSERT INTO `especies` (`codigo`, `nombre`) VALUES
(001,"Heberdenia bahamensis"),
(007,"Acacia spp."),
(008,"Phillyrea latifolia"),
(010,"Sin asignar"),
(011,"Ailanthus altissima"),
(012,"Malus sylvestris"),
(013,"Celtis australis"),
(014,"Taxus baccata"),
(015,"Crataegus spp."),
(016,"Pyrus spp."),
(017,"Cedrus atlantica"),
(018,"Chamaecyparis lawsoniana"),
(019,"Otras con¡feras"),
(020,"Pinos"),
(021,"Pinus sylvestris"),
(022,"Pinus uncinata"),
(023,"Pinus pinea"),
(024,"Pinus halepensis"),
(025,"Pinus nigra"),
(026,"Pinus pinaster"),
(027,"Pinus canariensis"),
(028,"Pinus radiata"),
(029,"Otros pinos"),
(030,"Mezcla de con¡feras"),
(031,"Abies alba"),
(032,"Abies pinsapo"),
(033,"Picea abies"),
(034,"Pseudotsuga menziesii"),
(035,"Larix spp."),
(036,"Cupressus sempervirens"),
(037,"Juniperus communis"),
(038,"Juniperus thurifera"),
(039,"Juniperus phoenicea"),
(040,"Quercus"),
(041,"Quercus robur"),
(042,"Quercus petraea"),
(043,"Quercus pyrenaica"),
(044,"Quercus faginea"),
(045,"Quercus ilex ssp. ballota"),
(046,"Quercus suber"),
(047,"Quercus canariensis"),
(048,"Quercus rubra"),
(049,"Otros quercus"),
(050,"Mezcla de  rboles de ribera"),
(051,"Populus alba"),
(052,"Populus tremula"),
(053,"Tamarix spp."),
(054,"Alnus glutinosa"),
(055,"Fraxinus angustifolia"),
(056,"Ulmus minor"),
(057,"Salix spp."),
(058,"Populus nigra"),
(059,"Otros  rboles rip¡colas"),
(060,"Mezcla de eucaliptos"),
(061,"Eucalyptus globulus"),
(062,"Eucalyptus camaldulensis"),
(063,"Otros eucaliptos"),
(064,"Eucalyptus nitens"),
(065,"Ilex aquifolium"),
(066,"Olea europaea"),
(067,"Ceratonia siliqua"),
(068,"Arbutus unedo "),
(069,"Phoenix spp."),
(070,"Mezcla de frondosas de gran porte"),
(071,"Fagus sylvatica"),
(072,"Castanea sativa"),
(073,"Betula spp."),
(074,"Corylus avellana"),
(075,"Juglans regia"),
(076,"Acer campestre"),
(077,"Tilia spp."),
(078,"Sorbus spp."),
(079,"Platanus hispanica"),
(080,"Laurisilva"),
(081,"Myrica faya"),
(082,"Ilex canariensis"),
(083,"Erica arborea"),
(084,"Persea indica"),
(085,"Sideroxylon marmulano"),
(086,"Picconia excelsa"),
(087,"Ocotea phoetens"),
(088,"Apollonias barbujana"),
(089,"Otras laurisilvas"),
(090,"Mezcla de peque¤as frondosas"),
(092,"Robinia pseudoacacia"),
(094,"Laurus nobilis"),
(095,"Prunus spp."),
(096,"Rhus coriaria"),
(097,"Sambucus nigra"),
(098,"Carpinus betulus"),
(099,"Otras frondosas"),
(207,"Acacia melanoxylon"),
(215,"Crataegus monogyna"),
(217,"Cedrus deodara"),
(219,"Tetraclinis articulata"),
(235,"Larix decidua"),
(236,"Cupressus arizonica"),
(237,"Juniperus oxycedrus"),
(238,"Juniperus turbinata"),
(243,"Quercus pubescens (Q. humilis),"),
(244,"Quercus lusitanica (Q. fruticosa),"),
(245,"Quercus ilex ssp. ilex"),
(253,"Tamarix canariensis"),
(255,"Fraxinus excelsior"),
(256,"Ulmus glabra"),
(257,"Salix alba"),
(258,"Populus x canadensis"),
(264,"Eucalyptus viminalis"),
(268,"Arbutus canariensis"),
(273,"Betula alba"),
(275,"Juglans nigra"),
(276,"Acer monspessulanum"),
(277,"Tilia cordata"),
(278,"Sorbus aria"),
(279,"Platanus orientalis"),
(281,"Myrica rivas-martinezii"),
(282,"Ilex platyphylla"),
(283,"Erica scoparia"),
(289,"Pleiomeris canariensis"),
(292,"Sophora japonica"),
(293,"Pistacia atlantica"),
(294,"Laurus azorica"),
(299,"Ficus carica"),
(307,"Acacia dealbata"),
(315,"Crataegus laevigata"),
(317,"Cedrus libani"),
(319,"Thuja spp."),
(335,"Larix leptolepis"),
(336,"Cupressus lusitanica"),
(337,"Juniperus cedrus"),
(344,"Quercus alpestris"),
(355,"Fraxinus ornus"),
(356,"Ulmus pumila"),
(357,"Salix atrocinerea"),
(364,"Eucalyptus gomphocephalus"),
(373,"Betula pendula"),
(376,"Acer negundo"),
(377,"Tilia platyphyllos"),
(378,"Sorbus aucuparia"),
(389,"Rhamnus glandulosa"),
(392,"Gleditsia triacanthos"),
(395,"Prunus avium"),
(399,"Morus spp."),
(415,"Crataegus lacinata"),
(435,"Larix x eurolepis"),
(436,"Cupressus macrocarpa"),
(455,"Fraxinus spp."),
(456,"Ulmus spp."),
(457,"Salix babylonica"),
(464,"Eucalyptus robusta"),
(469,"Phoenix canariensis"),
(476,"Acer opalus"),
(478,"Sorbus domestica"),
(489,"Visnea mocanera"),
(495,"Prunus lusitanica"),
(499,"Morus alba"),
(515,"Crataegus azarolus"),
(557,"Salix cantabrica"),
(569,"Dracaena draco"),
(576,"Acer pseudoplatanus"),
(578,"Sorbus torminalis"),
(595,"Prunus padus"),
(599,"Morus nigra"),
(657,"Salix caprea"),
(676,"Acer platanoides"),
(678,"Sorbus latifolia"),
(757,"Salix elaeagnos"),
(776,"Acer spp. "),
(778,"Sorbus chamaemespilus"),
(857,"Salix fragilis"),
(858,"Salix canariensis"),
(957,"Salix purpurea");

--
-- Extraindo dados da tabela `productos`
--
INSERT INTO `productos` (`nombre`) VALUES

("W1.1  Rolla con corteza"),
("W1.1  Rolla sin corteza"),
("W1.1  Rollizo con corteza"),
("W1.1  Rollizo sin corteza"),
("W1.1  Puntal con corteza"),
("W1.1  Puntal sin corteza"),
("W1.2  Leña"),
("W1.3 Ramas"),
("W3.1 Madera en astillas"),
("N3.1 Corcho"),
("N6.4 Piñas"),
("N7.3 Resina y productos manufacturados de resina"),
("N9.1 Frutos de  rboles"),
("N9.4 Setas y trufas"),
("N9.5 Frutos silvestres"),
("N9.7 Caza"),
("N9.8 Miel");

--
-- Extraindo dados da tabela `estado_parcela`
--

INSERT INTO `estado_parcela` (`id`, `nombre`, `last_update`, `creado_por`) VALUES
(1, 'Visitado', '2015-10-19', NULL),
(2, 'Ofertado', '2014-12-12', NULL),
(3, 'Adjudicado', '2014-12-12', NULL),
(4, 'Autorizado', '2015-11-17', NULL),
(5, 'En explotación', '2015-11-17', NULL),
(6, 'Finalizado', '2015-11-17', NULL);

--
-- Extraindo dados da tabela `grupos`
--

INSERT INTO `grupos` (`id`, `nombre`, `creado_por`) VALUES
(1, 'Administrador', NULL),
(2, 'Super Administrador', NULL),
(3, 'Transportista', NULL),
(4, 'Comprador', NULL);

--
-- Extraindo dados da tabela `lenguaje`
--

INSERT INTO `lenguaje` (`id`, `nombre`, `last_update`, `creado_por`) VALUES
(1, 'Portugues', '2014-12-03', NULL),
(2, 'Español', '2014-12-03', NULL),
(3, 'Ingles', '2014-12-03', NULL);

--
-- Extraindo dados da tabela `menu`
--

INSERT INTO `menu` (`id`, `texto`, `iconCls`, `padre_id`, `className`, `orden`, `mobile_tag`) VALUES
(10, 'gestion_avisos', 'menu_films', NULL, NULL, 1, NULL),
(46, 'unidadescategory', 'menu_films', NULL, NULL, 2, NULL),
(60, 'informes', 'menu_films', NULL, NULL, NULL, NULL),
(100, 'menu1', 'menu_admin', NULL, NULL, 6, NULL),
(101, 'staticData', 'menu_staticdata', NULL, NULL, 7, NULL),
(120, 'documentosBase', 'menu_films', NULL, NULL, 4, NULL),
(132, 'tarifas', 'menu_films', NULL, NULL, 4, NULL),
(135, 'facturacion', 'menu_films', NULL, NULL, 3, NULL),
(126, 'gestion_propietarios_empresas', 'menu_films', NULL, NULL, 3, NULL),

(2, 'menu11', 'menu_groups', 100, 'panel', NULL, NULL),
(3, 'menu12', 'menu_users', 100, 'users', NULL, NULL),
(6, 'categories', 'menu_language', 101, 'categoriesgrid', NULL, NULL),
(7, 'languages', 'menu_language', 101, 'languagesgrid', NULL, NULL),
(9, 'countries', 'menu_language', 101, 'countriesgrid', NULL, NULL),
(12, 'avisos', 'menu_films', 10, 'avisos', 1, 'avisos'),
(13, 'ofertas', 'menu_films', 10, 'ofertas', 2, NULL),
(15, 'mugfs', 'menu_films', 46, 'mugfs', 2, NULL),
(26, 'sistemas_certificacion', 'menu_language', 101, 'sistemas_certificaciongrid', NULL, NULL),
(47, 'parcelas', 'menu_films', 46, 'parcelas', 1, 'parcelas'),
(56, 'g_salidas_camiones_ugf', 'menu_films', 46, '', NULL, NULL),
(57, 'aprovechamientos', 'menu_films', 46, '', NULL, NULL),
(58, 'g_gastos_ugf', 'menu_films', 46, '', NULL, NULL),
(59, 'g_ingresos_ugf', 'menu_films', 46, '', NULL, NULL),
(63, 'monitor_areas_conservacao', 'menu_films', 46, 'monitorAreasConservacao', 7, NULL),
(105, 'unidades_area', 'menu_language', 101, 'unidades_areagrid', NULL, NULL),
(109, 'documentacion_asociados1', 'menu_films', 120, 'documentosasociados1', NULL, NULL),
(110, 'documentacion_asociados2', 'menu_films', 120, 'documentosasociados2', NULL, NULL),
(111, 'documentacion_asociados3', 'menu_films', 120, 'documentosasociados3', NULL, NULL),
(114, 'tipos_partes_interesadas', 'menu_language', 101, 'tipos_partes_interesadasgrid', NULL, NULL),
(116, 'rechega_produtos', 'menu_films', 46, 'rechegaprodutos', 12, NULL),
(117, 'especies', 'menu_language', 101, 'especiesgrid', NULL, NULL),
(118, 'produtos', 'menu_language', 101, 'productosgrid', NULL, NULL),
(121, 'accoes_corretivas', 'menu_films', 46, 'accoesCorretivas', 11, NULL),
(122, 'estado_parcela', 'menu_language', 101, 'estado_parcelagrid', NULL, NULL),
(123, 'tipo_recurso', 'menu_language', 101, 'tipo_recursogrid', NULL, NULL),
(124, 'especies', 'menu_language', 101, 'especiesgrid', NULL, NULL),
(125, 'productos', 'menu_language', 101, 'productosgrid', NULL, NULL),
(127, 'propietarios', 'menu_films', 126, 'propietarios', NULL, NULL),
(128, 'empresas', 'menu_films', 126, 'empresas', NULL, NULL),
(129, 'permisoscortas', 'menu_films', 46, 'permisoscortas', 3, NULL),
(130, 'cocs', 'menu_films', 46, 'cocs', 4, NULL),
(131, 'asignacionrecursos', 'menu_films', 46, 'asignacionrecursos', 5, NULL),
(133, 'tarifaempresas', 'menu_films', 132, 'tarifaempresas', 1, NULL),
(134, 'tarifarecursos', 'menu_films', 132, 'tarifarecursos', 2, NULL),
(136, 'facturas_venta', 'menu_films', 135, 'facturaventa', 2, NULL),
(137, 'facturas_compra', 'menu_films', 135, 'facturacompra', 1, NULL),
(138, 'avisos_transporte', 'menu_films', 10, 'avisostransporte', 3, 'avisostransporte'),
(139, 'datos_legais', 'menu_language', 101, 'datoslegais', 1, NULL);

--
-- Extraindo dados da tabela `mr_tipo_documentacion_xunta`
--

INSERT INTO `mr_tipo_documentacion_xunta` (`tipo`, `texto`) VALUES
('A', 'Acordo previo da asemblea xeral da comunidade propietaria, ben por medio da copia da acta da asemblea ou ben por medio de certificación expedida polo secretario da comunidade'),
('P', 'Plan de cortas (ao abeiro da disposición transitoria sexta da Lei 7/2012, de montes de Galicia).'),
('R', 'Acreditación da representación.'),
('S', 'Se o motivo se refire a aproveitamentos madeireiros e leñosos en zonasfectadas por expropiación, deberase xuntar planimetría suficiente onde se sinale o obxecto de actuación'),
('X', 'Xustificación do aproveitamento non previsto no instrumento de ordenación ou xestión forestal dun monte incluído no Rexistro de Montes Ordenados, só se é o caso.');


--
-- Extraindo dados da tabela `pais`
--

INSERT INTO `pais` (`id`, `pais`, `last_update`, `creado_por`) VALUES
(1, 'Afghanistan', '2006-02-15', NULL),
(2, 'Algeria', '2006-02-15', NULL),
(3, 'American Samoa', '2006-02-15', NULL),
(4, 'Angola', '2006-02-15', NULL),
(5, 'Anguilla', '2006-02-15', NULL),
(6, 'Argentina', '2006-02-15', NULL),
(7, 'Armenia', '2006-02-15', NULL),
(8, 'Australia', '2006-02-15', NULL),
(9, 'Austria', '2006-02-15', NULL),
(10, 'Azerbaijan', '2006-02-15', NULL),
(11, 'Bahrain', '2006-02-15', NULL),
(12, 'Bangladesh', '2006-02-15', NULL),
(13, 'Belarus', '2006-02-15', NULL),
(14, 'Bolivia', '2006-02-15', NULL),
(15, 'Brazil', '2006-02-15', NULL),
(16, 'Brunei', '2006-02-15', NULL),
(17, 'Bulgaria', '2006-02-15', NULL),
(18, 'Cambodia', '2006-02-15', NULL),
(19, 'Cameroon', '2006-02-15', NULL),
(20, 'Canada', '2006-02-15', NULL),
(21, 'Chad', '2006-02-15', NULL),
(22, 'Chile', '2006-02-15', NULL),
(23, 'China', '2006-02-15', NULL),
(24, 'Colombia', '2006-02-15', NULL),
(25, 'Congo, The Democratic Republic of the', '2006-02-15', NULL),
(26, 'Czech Republic', '2006-02-15', NULL),
(27, 'Dominican Republic', '2006-02-15', NULL),
(28, 'Ecuador', '2006-02-15', NULL),
(29, 'Egypt', '2006-02-15', NULL),
(30, 'Estonia', '2006-02-15', NULL),
(31, 'Ethiopia', '2006-02-15', NULL),
(32, 'Faroe Islands', '2006-02-15', NULL),
(33, 'Finland', '2006-02-15', NULL),
(34, 'France', '2006-02-15', NULL),
(35, 'French Guiana', '2006-02-15', NULL),
(36, 'French Polynesia', '2006-02-15', NULL),
(37, 'Gambia', '2006-02-15', NULL),
(38, 'Germany', '2006-02-15', NULL),
(39, 'Greece', '2006-02-15', NULL),
(40, 'Greenland', '2006-02-15', NULL),
(41, 'Holy See (Vatican City State)', '2006-02-15', NULL),
(42, 'Hong Kong', '2006-02-15', NULL),
(43, 'Hungary', '2006-02-15', NULL),
(44, 'India', '2006-02-15', NULL),
(45, 'Indonesia', '2006-02-15', NULL),
(46, 'Iran', '2006-02-15', NULL),
(47, 'Iraq', '2006-02-15', NULL),
(48, 'Israel', '2006-02-15', NULL),
(49, 'Italy', '2006-02-15', NULL),
(50, 'Japan', '2006-02-15', NULL),
(51, 'Kazakstan', '2006-02-15', NULL),
(52, 'Kenya', '2006-02-15', NULL),
(53, 'Kuwait', '2006-02-15', NULL),
(54, 'Latvia', '2006-02-15', NULL),
(55, 'Liechtenstein', '2006-02-15', NULL),
(56, 'Lithuania', '2006-02-15', NULL),
(57, 'Madagascar', '2006-02-15', NULL),
(58, 'Malawi', '2006-02-15', NULL),
(59, 'Malaysia', '2006-02-15', NULL),
(60, 'Mexico', '2006-02-15', NULL),
(61, 'Moldova', '2006-02-15', NULL),
(62, 'Morocco', '2006-02-15', NULL),
(63, 'Mozambique', '2006-02-15', NULL),
(64, 'Myanmar', '2006-02-15', NULL),
(65, 'Nauru', '2006-02-15', NULL),
(66, 'Nepal', '2006-02-15', NULL),
(67, 'Netherlands', '2006-02-15', NULL),
(68, 'New Zealand', '2006-02-15', NULL),
(69, 'Nigeria', '2006-02-15', NULL),
(70, 'North Korea', '2006-02-15', NULL),
(71, 'Oman', '2006-02-15', NULL),
(72, 'Pakistan', '2006-02-15', NULL),
(73, 'Paraguay', '2006-02-15', NULL),
(74, 'Peru', '2006-02-15', NULL),
(75, 'Philippines', '2006-02-15', NULL),
(76, 'Portugal', '2014-12-11', NULL),
(77, 'Puerto Rico', '2006-02-15', NULL),
(78, 'Romania', '2006-02-15', NULL),
(79, 'Runion', '2006-02-15', NULL),
(80, 'Russian Federation', '2006-02-15', NULL),
(81, 'Saint Vincent and the Grenadines', '2006-02-15', NULL),
(82, 'Saudi Arabia', '2006-02-15', NULL),
(83, 'Senegal', '2006-02-15', NULL),
(84, 'Slovakia', '2006-02-15', NULL),
(85, 'South Africa', '2006-02-15', NULL),
(86, 'South Korea', '2006-02-15', NULL),
(87, 'España', '2014-12-03', NULL),
(88, 'Sri Lanka', '2006-02-15', NULL),
(89, 'Sudan', '2006-02-15', NULL),
(90, 'Sweden', '2006-02-15', NULL),
(91, 'Switzerland', '2006-02-15', NULL),
(92, 'Taiwan', '2006-02-15', NULL),
(93, 'Tanzania', '2006-02-15', NULL),
(94, 'Thailand', '2006-02-15', NULL),
(95, 'Tonga', '2006-02-15', NULL),
(96, 'Tunisia', '2006-02-15', NULL),
(97, 'Turkey', '2006-02-15', NULL),
(98, 'Turkmenistan', '2006-02-15', NULL),
(99, 'Tuvalu', '2006-02-15', NULL),
(100, 'Ukraine', '2006-02-15', NULL),
(101, 'United Arab Emirates', '2006-02-15', NULL),
(102, 'United Kingdom', '2006-02-15', NULL),
(103, 'United States', '2006-02-15', NULL),
(104, 'Venezuela', '2006-02-15', NULL),
(106, 'Virgin Islands, U.S.', '2006-02-15', NULL),
(107, 'Yemen', '2006-02-15', NULL),
(108, 'Yugoslavia', '2006-02-15', NULL),
(110, 'Zambia', '2014-12-03', NULL);

--
-- Extraindo dados da tabela `permisos`
--

INSERT INTO `permisos` (`menu_id`, `grupo_id`, `web`, `mobile`) VALUES
(3, 1, 1, 0),
(3, 2, 1, 0),
(10, 1, 1, 0),
(10, 2, 1, 0),
(10, 3, 0, 1),
(10, 4, 0, 1),
(12, 1, 1, 0),
(12, 2, 1, 0),
(12, 4, 0, 1),
(13, 1, 1, 0),
(13, 2, 1, 0),
(15, 1, 1, 0),
(15, 2, 1, 0),
(26, 1, 1, 0),
(26, 2, 1, 0),
(46, 1, 1, 0),
(46, 2, 1, 0),
(46, 4, 0, 1),
(47, 1, 1, 0),
(47, 2, 1, 0),
(47, 4, 0, 1),
(100, 1, 1, 0),
(100, 2, 1, 0),
(101, 1, 1, 0),
(101, 2, 1, 0),
(109, 1, 1, 0),
(109, 2, 1, 0),
(110, 1, 1, 0),
(110, 2, 1, 0),
(123, 1, 1, 0),
(123, 2, 1, 0),
(124, 1, 1, 0),
(124, 2, 1, 0),
(125, 1, 1, 0),
(125, 2, 1, 0),
(126, 1, 1, 0),
(126, 2, 1, 0),
(127, 1, 1, 0),
(127, 2, 1, 0),
(128, 1, 1, 0),
(128, 2, 1, 0),
(129, 1, 1, 0),
(129, 2, 1, 0),
(130, 1, 1, 0),
(130, 2, 1, 0),
(131, 1, 1, 0),
(131, 2, 1, 0),
(132, 1, 1, 0),
(132, 2, 1, 0),
(133, 1, 1, 0),
(133, 2, 1, 0),
(134, 1, 1, 0),
(134, 2, 1, 0),
(135, 1, 1, 0),
(135, 2, 1, 0),
(136, 1, 1, 0),
(136, 2, 1, 0),
(137, 1, 1, 0),
(137, 2, 1, 0),
(138, 1, 1, 0),
(138, 2, 1, 0),
(138, 3, 0, 1),
(139, 1, 1, 0),
(139, 2, 1, 0);


--
-- Extraindo dados da tabela `sistemas_certificacion`
--

INSERT INTO `sistemas_certificacion` (`id`, `nombre`) VALUES
(1, 'FSC'),
(2, 'PEFC'),
(3, 'PEFC Regional');

--
-- Extraindo dados da tabela `tipo_doc`
--

INSERT INTO `tipo_doc` (`id`, `nombre`) VALUES
(1, 'documentación'),
(2, 'cartografia'),
(3, 'legislación');

--
-- Extraindo dados da tabela `tipo_recurso`
--

INSERT INTO `tipo_recurso` (`id`, `nombre`) VALUES
(1, 'recurso1'),
(2, 'recurso2');


