-- http://www.phpmyadmin.net
--
-- Versão do servidor: 5.6.17




--
-- Database: `certifica2`
--

--
-- Extraindo dados da tabela `asignacion_recursos`
--

INSERT INTO `asignacion_recursos` (`id`, `id_parcela`, `id_recurso`, `fecha_inicio`, `fecha_fin`, `horas`, `precio_hora`, `observaciones`) VALUES
(1, 2, 1, '2015-11-02', '2015-11-24', '20.00', '30.00', 'Observaciones'),
(2, 3, 1, '2015-12-03', '2015-12-09', '10.00', '31.32', 'Observaciones');

--
-- Extraindo dados da tabela `aviso`
--

INSERT INTO `aviso` (`id`, `fecha`, `dirigido_a`, `tipo_aviso`, `descripcion`, `observaciones`, `estado`, `direccion_contacto`, `nombre_contacto`, `telefono_contacto`, `empresa`, `creado_por`, `fecha_creacion`) VALUES
(1, '2015-11-18', 17, NULL, 'esto es una prueba de aviso', 'Observaciones', 'Pendiente', 'Lugar de Arriba Cospeito (Lugo) nº 30', 'Juan Prados', '666555333', 0, NULL, NULL),
(2, '2015-11-27', 0, NULL, 'estos es otra descripcion', 'Las observaciones para el aviso', 'Pendiente', 'Rúa Ourense nº30 1ºB (LUGO)', 'Diego Arias Méndez', '999888777', 0, NULL, NULL);


--
-- Extraindo dados da tabela `coc`
--

INSERT INTO `coc` (`id`, `fecha`, `id_parcela`, `id_empresa_destino`, `id_empresa_trasporte`, `ticket`, `albaran_cambio`, `carta_porte`, `matricula_camion`, `matricula_remolque`, `destino`, `km_GPS`, `demora`, `id_especie`, `id_tipo_producto`, `peso`, `volumen`, `densidad`, `fecha_factura_venta`, `precio_base`, `prima_base`, `prima_cantidad`, `cadena_custodia`, `PEFC`, `FSC`, `FSC_PEFC`, `indexacion`, `portes_GPS`, `total`, `extracomunitaria`, `observaciones`, `cod_fabrica`, `id_factura_venta`, `id_parcela_real`) VALUES
(1, '2015-11-10', 1, 1, 1, 'ticket', 'alaran', 'carata', 'LU0909L', '3456EDS', 'destino', '2000', '', 1, 2, '20.00', '21.00', '22.00', '2015-11-10', '12.230', '13.000', '14.000', '15.000', '16.000', '17.000', '18.000', '19.000', '20.000', '144.230', NULL, '0.000', 'cod_fabrica', NULL, NULL),
(2, '2015-11-24', 2, 1, 1, 'ticket', 'albaran', 'carta', '2345LDP', '0909PLF', 'destino', '20', '21', 1, 2, '1.00', '2.00', '3.00', '2015-11-17', '20.000', '21.000', '22.000', '23.000', '25.000', '30.000', '40.000', '50.000', '60.000', '291.000', 'on', 'Observaciones', 'cod_fabrica', NULL, NULL),
(3, '2015-11-24', 2, 1, 1, 'ticket', 'albaran', 'carta', '2345LDP', '0909PLF', 'destino', '20', '21', 1, 2, '7.00', '2.00', '3.00', '2015-11-17', '20.000', '21.000', '22.000', '23.000', '25.000', '30.000', '40.000', '50.000', '60.000', '291.000', 'on', 'Observaciones', 'cod_fabrica', NULL, NULL),
(4, '2015-11-24', 2, 1, 1, 'ticket', 'albaran', 'carta', '2345LDP', '0909PLF', 'destino', '20', '21', 1, 2, '49.00', '2.00', '3.00', '2015-11-17', '20.000', '21.000', '22.000', '23.000', '25.000', '30.000', '40.000', '50.000', '60.000', '291.000', 'on', 'Observaciones', 'cod_fabrica', NULL, NULL),
(5, '2015-11-24', 2, 1, 1, 'ticket', 'albaran', 'carta', '2345LDP', '0909PLF', 'destino', '20', '21', 1, 2, '49.00', '2.00', '3.00', '2015-11-17', '20.000', '21.000', '22.000', '23.000', '25.000', '30.000', '40.000', '50.000', '60.000', '291.000', 'on', 'Observaciones', 'cod_fabrica', NULL, NULL),
(9, '2015-11-24', 2, 1, 1, 'ticket', 'albaran', 'carta', '2345LDP', '0909PLF', 'destino', '20', '21', 1, 2, '60.00', '2.00', '3.00', '2015-11-17', '20.000', '21.000', '22.000', '23.000', '25.000', '30.000', '40.000', '50.000', '60.000', '291.000', 'on', 'Observaciones', 'cod_fabrica', NULL, NULL);


--
-- Extraindo dados da tabela `documentos`
--

INSERT INTO `documentos` (`id`, `codigo`, `nombre`, `ruta`, `categoria`, `id_foraneo`, `version`, `fecha_creacion`, `visibilidad`, `tipo_doc`, `observaciones`, `creado_por`) VALUES
(2, 'COD1430997494', 'almstocks.xls', 'uploads/ugf1430997494almstocks.xls', 'ugf', 6, '', '2015-05-07', 3, 1, NULL, 17),
(4, 'COD1430997942', 'perfis de acesso_ferramenta certificação AIFF_26fevereiro15_final.docx', 'uploads/membro1430997942perfis de acesso_ferramenta certificação AIFF_26fevereiro15_final.docx', 'membro', 6, '', '2015-05-07', 3, 1, NULL, 17),
(5, 'OPF_CG01', 'OPF_CG01 Registo de controlo documental.docx', 'uploads/general11431502766OPF_CG01 Registo de controlo documental.docx', 'general1', 2, '1.0', '2015-05-13', 3, 1, '', 17),
(6, 'OPF_CG02', 'OPF_CG02 Formulário de proposta de adesão.docx', 'uploads/general11431502785OPF_CG02 Formulário de proposta de adesão.docx', 'general1', 2, '1.0', '2015-05-13', 3, 1, '', 17),
(7, 'OPF_CG03', 'OPF_CG03 Apresentação.docx', 'uploads/general11431502802OPF_CG03 Apresentação.docx', 'general1', 2, '1.0', '2015-05-13', 3, 1, '', 17),
(8, 'OPF_CG04', 'OPF_CG04 Documento de Compromisso.docx', 'uploads/general11431502817OPF_CG04 Documento de Compromisso.docx', 'general1', 2, '1.0', '2015-05-13', 3, 1, '', 17),
(9, 'OPF_CG05', 'OPF_CG05 Regulamento.docx', 'uploads/general11431502833OPF_CG05 Regulamento.docx', 'general1', 2, '1.0', '2015-05-13', 3, 1, '', 17),
(10, 'OPF_CG06', 'OPF_CG06 Checklist para discussão com proponentes.docx', 'uploads/general11431502847OPF_CG06 Checklist para discussão com proponentes.docx', 'general1', 2, '1.0', '2015-05-13', 3, 1, '', 17),
(11, 'OPF_CG07', 'OPF_CG07 Listagem documental aderentes Grupo.docx', 'uploads/general11431502860OPF_CG07 Listagem documental aderentes Grupo.docx', 'general1', 2, '1.0', '2015-05-13', 3, 1, '', 17),
(12, 'OPF_CG08', 'OPF_CG08 Registo de conflitos.docx', 'uploads/general11431502876OPF_CG08 Registo de conflitos.docx', 'general1', 2, '1.0', '2015-05-13', 3, 1, '', 17),
(13, 'OPF_CG09', 'OPF_CG09 Tabela de responsabilidades.docx', 'uploads/general11431502898OPF_CG09 Tabela de responsabilidades.docx', 'general1', 2, '1.0', '2015-05-13', 3, 1, '', 17),
(14, 'OPF_CG10', 'OPF_CG10 Registo Acções Preventivas.docx', 'uploads/general11431502913OPF_CG10 Registo Acções Preventivas.docx', 'general1', 2, '1.0', '2015-05-13', 3, 1, '', 17),
(15, 'OPF_CG11', 'OPF_CG11 Política florestal.docx', 'uploads/general11431502929OPF_CG11 Política florestal.docx', 'general1', 2, '1.0', '2015-05-13', 3, 1, '', 17),
(16, 'OPF_CG12', 'OPF_CG12 Bibliografia.docx', 'uploads/general11431502946OPF_CG12 Bibliografia.docx', 'general1', 2, '1.0', '2015-05-13', 3, 1, '', 17),
(17, 'OPF_CT01', 'OPF_CT01 Carta Tipo Queixas.docx', 'uploads/general21431502982OPF_CT01 Carta Tipo Queixas.docx', 'general2', 3, '1.0', '2015-05-13', 3, 1, '', 17),
(18, 'OPF_CT02', 'OPF_CT02 Carta Tipo de Expulsão.docx', 'uploads/general21431503006OPF_CT02 Carta Tipo de Expulsão.docx', 'general2', 3, '1.0', '2015-05-13', 3, 1, '', 17),
(19, 'OPF_CT03', 'OPF_CT03 Carta Tipo inf. não preenchimento de req. básicos.docx', 'uploads/general21431503024OPF_CT03 Carta Tipo inf. não preenchimento de req. básicos.docx', 'general2', 3, '1.0', '2015-05-13', 3, 1, '', 17),
(20, 'OPF_CT04', 'OPF_CT04 Carta Tipo de Adesão.docx', 'uploads/general21431503044OPF_CT04 Carta Tipo de Adesão.docx', 'general2', 3, '1.0', '2015-05-13', 3, 1, '', 17),
(21, 'OPF_CT05', 'OPF_CT05 Carta Tipo Suspensão.docx', 'uploads/general21431503060OPF_CT05 Carta Tipo Suspensão.docx', 'general2', 3, '1.0', '2015-05-13', 3, 1, '', 17),
(22, 'OPF_CT06', 'OPF_CT06 Carta Tipo de Fim de Suspensão.docx', 'uploads/general21431503077OPF_CT06 Carta Tipo de Fim de Suspensão.docx', 'general2', 3, '1.0', '2015-05-13', 3, 1, '', 17),
(23, 'OPF_CT07', 'OPF_CT07_Minuta de Declaração de Certificação.pptx', 'uploads/general21431503090OPF_CT07_Minuta de Declaração de Certificação.pptx', 'general2', 3, '1.0', '2015-05-13', 3, 1, '', 17),
(24, 'OPF_CT08', 'OPF_CT08 Carta Tipo Consulta Juntas Freguesia.docx', 'uploads/general21431503106OPF_CT08 Carta Tipo Consulta Juntas Freguesia.docx', 'general2', 3, '1.0', '2015-05-13', 3, 1, '', 17),
(25, 'OPF_PR01', 'OPF_PR01 proposta e_adesão.docx', 'uploads/general31431503130OPF_PR01 proposta e_adesão.docx', 'general3', 4, '1.0', '2015-05-13', 3, 1, '', 17),
(26, 'OPF_PR02', 'OPF_PR02 Monitorização.docx', 'uploads/general31431503146OPF_PR02 Monitorização.docx', 'general3', 4, '1.0', '2015-05-13', 3, 1, '', 17),
(27, 'OPF_PR03', 'OPF_PR03_Solicitação de Acções Correctivas.docx', 'uploads/general31431503163OPF_PR03_Solicitação de Acções Correctivas.docx', 'general3', 4, '1.0', '2015-05-13', 3, 1, '', 17),
(28, 'OPF_PR04', 'OPF_PR04 abandono e expulsão.docx', 'uploads/general31431503177OPF_PR04 abandono e expulsão.docx', 'general3', 4, '1.0', '2015-05-13', 3, 1, '', 17),
(29, 'OPF_PR05', 'OPF_PR05 Queixas.docx', 'uploads/general31431503192OPF_PR05 Queixas.docx', 'general3', 4, '1.0', '2015-05-13', 3, 1, '', 17),
(30, 'OPF_PR06', 'OPF_PR06 Controlo Documental.docx', 'uploads/general31431503209OPF_PR06 Controlo Documental.docx', 'general3', 4, '1.0', '2015-05-13', 3, 1, '', 17),
(31, 'OPF_PR07', 'OPF_PR07 Suspensão.docx', 'uploads/general31431503231OPF_PR07 Suspensão.docx', 'general3', 4, '1.0', '2015-05-13', 1, 1, '', 17),
(32, 'COD1431503266', 'parque.kmz', 'uploads/unidade1431503266parque.kmz', 'unidade', 2, '', '2015-05-13', 3, 1, NULL, 17),
(33, 'COD1431503282', 'parque.kmz', 'uploads/unidade1431503282parque.kmz', 'unidade', 3, '', '2015-05-13', 3, 1, NULL, 17),
(34, 'COD1431503298', 'parque.kmz', 'uploads/unidade1431503298parque.kmz', 'unidade', 4, '', '2015-05-13', 1, 1, NULL, 17),
(35, 'COD1431503341', 'OPF_CG01 Registo de controlo documental.docx', 'uploads/certificado1431503341OPF_CG01 Registo de controlo documental.docx', 'certificado', 7, '', '2015-05-13', 3, 1, NULL, 17),
(36, 'COD1432636125', 'AFr Certifica+ PEFCBrochura A5.pdf', 'uploads/OPF_G101432636125AFr Certifica+ PEFCBrochura A5.pdf', 'OPF_G10', 2, '', '2015-05-26', 3, 1, NULL, 17),
(37, 'COD1446548159', 'MANUAL_PUBLICO_2.docx', 'uploads/aviso1446548159MANUAL_PUBLICO_2.docx', 'aviso', 2, '', '2015-11-03', NULL, 1, NULL, 17),
(38, 'COD1446551346', 'logo_blanco.png', 'uploads/oferta1446551346logo_blanco.png', 'oferta', 2, '', '2015-11-03', NULL, 1, NULL, 17),
(40, 'COD1446634151', 'MANUAL_PUBLICO_2.docx', 'uploads/mugf1446634151MANUAL_PUBLICO_2.docx', 'mugf', 1, '', '2015-11-04', NULL, 1, NULL, 17),
(41, 'COD1446638656', 'prueba.html', 'uploads/propietario1446638656prueba.html', 'propietario', 1, '', '2015-11-04', NULL, 1, NULL, 17),
(42, 'COD1447071787', 'notas', 'uploads/parcela1447071787notas', 'parcela', 1, '', '2015-11-09', NULL, 1, NULL, 17),
(43, 'COD1447237446', 'MANUAL_PUBLICO_2.docx', 'uploads/parcela1447237446MANUAL_PUBLICO_2.docx', 'parcela', 2, '', '2015-11-11', NULL, 1, NULL, 17),
(44, 'COD1447588747', 'fondo1.jpg', 'uploads/permisoscorta1447588747fondo1.jpg', 'permisoscorta', 2, '', '2015-11-15', NULL, 1, NULL, 17),
(45, 'COD1448272087', '20150304_CamposFerramentaCERNA_comentários APFC.xlsx', 'uploads/parcela144827208720150304_CamposFerramentaCERNA_comentários APFC.xlsx', 'parcela', 2, '', '2015-11-23', NULL, 1, NULL, 17),
(46, 'COD1448378933', 'CRM.sh', 'uploads/aviso1448378933CRM.sh', 'aviso', 3, '', '2015-11-24', NULL, 1, NULL, 17),
(47, 'COD1448471886', 'imagen2.jpg', 'uploads/parcela1448471886imagen2.jpg', 'parcela', 1, '', '2015-11-25', NULL, 1, NULL, 17),
(48, 'COD1448541022', '1446723548726.jpg', 'uploads/parcela14485410221446723548726.jpg', 'parcela', 12, '', '2015-11-26', NULL, 1, NULL, NULL),
(49, 'COD1448541890', 'Screenshot_2015-10-13-19-19-48.jpeg', 'uploads/parcela1448541890Screenshot_2015-10-13-19-19-48.jpeg', 'parcela', 13, '', '2015-11-26', NULL, 1, NULL, NULL),
(50, 'COD1448541891', '1449146681104.jpg', 'uploads/parcela14485418911449146681104.jpg', 'parcela', 13, '', '2015-11-26', NULL, 1, NULL, NULL),
(51, 'COD1448558839', 'Screenshot_2015-10-30-11-28-11.jpeg', 'uploads/parcela1448558839Screenshot_2015-10-30-11-28-11.jpeg', 'parcela', 18, '', '2015-11-26', NULL, 1, NULL, NULL),
(52, 'COD1448558840', '1449163619130.jpg', 'uploads/parcela14485588401449163619130.jpg', 'parcela', 18, '', '2015-11-26', NULL, 1, NULL, NULL),
(53, 'COD1448612966', '1446727160070.jpg', 'uploads/parcela14486129661446727160070.jpg', 'parcela', 21, '', '2015-11-27', NULL, 1, NULL, NULL),
(54, 'COD1448612966', '1449217726982.jpg', 'uploads/parcela14486129661449217726982.jpg', 'parcela', 21, '', '2015-11-27', NULL, 1, NULL, NULL),
(55, 'COD1448616231', 'Screenshot_2015-12-04-09-33-54.jpeg', 'uploads/parcela1448616231Screenshot_2015-12-04-09-33-54.jpeg', 'parcela', 26, '', '2015-11-27', NULL, 1, NULL, NULL),
(56, 'COD1448616232', '1449221017876.jpg', 'uploads/parcela14486162321449221017876.jpg', 'parcela', 26, '', '2015-11-27', NULL, 1, NULL, NULL),
(57, 'COD1448619198', 'Screenshot_2015-12-04-09-33-54.jpeg', 'uploads/parcela1448619198Screenshot_2015-12-04-09-33-54.jpeg', 'parcela', 27, '', '2015-11-27', NULL, 1, NULL, NULL),
(58, 'COD1448619200', '1449223922283.jpg', 'uploads/parcela14486192001449223922283.jpg', 'parcela', 27, '', '2015-11-27', NULL, 1, NULL, NULL),
(59, 'COD1448629218', 'wood1 (1)a.JPG', 'uploads/parcela1448629218wood1 (1)a.JPG', 'parcela', 28, '', '2015-11-27', NULL, 1, NULL, NULL),
(60, 'COD1448629248', 'background-84678_1920.jpg', 'uploads/parcela1448629248background-84678_1920.jpg', 'parcela', 28, '', '2015-11-27', NULL, 1, NULL, NULL),
(61, 'COD1448629249', '1448629084787.jpg', 'uploads/parcela14486292491448629084787.jpg', 'parcela', 28, '', '2015-11-27', NULL, 1, NULL, NULL),
(62, 'COD1448630063', 'light-909409_1280.jpg', 'uploads/parcela1448630063light-909409_1280.jpg', 'parcela', 29, '', '2015-11-27', NULL, 1, NULL, NULL),
(63, 'COD1448630065', 'wood1 (1)a.JPG', 'uploads/parcela1448630065wood1 (1)a.JPG', 'parcela', 29, '', '2015-11-27', NULL, 1, NULL, NULL),
(64, 'COD1448630066', '1448630047503.jpg', 'uploads/parcela14486300661448630047503.jpg', 'parcela', 29, '', '2015-11-27', NULL, 1, NULL, NULL);

--
-- Extraindo dados da tabela `empresa`
--

INSERT INTO `empresa` (`id`, `tipo_entidad`, `razon_social`, `nif_cif`, `direccion`, `cod_postal`, `termino_municipal`, `provincia`, `telefono`, `fax`, `email`, `sector`, `descripcion`, `observaciones`, `uri_carta_porte`, `tipo_calculo_tarifa_total`) VALUES
(1, 'Persona Física', 'empresa1', 'B27090912', 'Dierección nº1 3ºD', '27002', 'municipio', 'Lugo', '982982982', '787787787', 'mail@gmail.com', 'Procesamiento', 'descripción empresa 1', 'observaciones<br>', NULL, NULL);

--
-- Extraindo dados da tabela `mugfs`
--

INSERT INTO `mugfs` (`id`, `denominacion`, `superficie`, `estado`, `fecha_incorporacion`, `fecha_alta_FSC`, `fecha_alta_PEFC`, `MAVC`, `productos`, `nombre`, `direccion`, `telefono`, `email`, `nombre_rep`, `direccion_rep`, `telefono_rep`, `email_rep`, `observaciones`) VALUES
(1, 'denominacion de UGF', '100.00', 'Activa', '2015-11-04', '2015-11-11', '2015-11-18', 0, 'producto1, producto2, producto3', 'nombre1', 'direccion1', '989898988', 'mail@mail.com', 'nombre_rep', 'direccion_rep', '982983983', 'mail@mail_rep.com', 'Observaciones'),
(2, 'UGF especial pruebas', '250.00', 'Activa', '2015-12-03', '2015-12-03', '2015-12-03', 1, 'productos', 'diego arias mendez', 'Poeta Aquilino Iglesias nº30 9ºB Portal1', '982334455', 'maildiegoariasmendez@gmail.com', 'representante 1, 2 , 3', 'Dirección ', '983 22 34 45', 'diego@gmail.com', 'Observaciones es lo que toca');

--
-- Extraindo dados da tabela `parcela`
--

INSERT INTO `parcela` (`id`, `id_aviso`, `id_oferta`, `id_propietario`, `id_UGF`, `ref_catastral`, `cod_couto_redondo`, `latitud`, `longitud`, `cuartel`, `canton`, `rodal`, `denominacion_monte`, `denominacion_casa`, `provincia`, `municipio`, `parroquia`, `certificada`, `sistema_certificacion`, `cod_certificado_FSC`, `cod_certificado_PEFC`, `cod_licencia_FSC`, `cod_licencia_PEFC`, `cod_monte`, `cod_fabrica`, `estado`, `factura_compra`, `fecha_factura_compra`, `importe_factura_compra`, `observaciones`, `fecha_inicio_explotacion`, `fecha_fin_explotacion`, `empresa`, `creado_por`, `fecha_creacion`, `fecha_certificacion`, `id_factura_compra`, `ccaa`, `tipo_material`, `n_rexistro_montes_ordenados`, `data_inscricion_rexistro`, `codigo_sixpac`, `lugar`, `extension_total_monte`, `no_certificado`, `fsc_100`, `pefc_certificado_100`, `fsc_controlled_wood`, `pefc_controlled_sources`) VALUES
(1, 0, 0, 1, 0, 'ref_catastral', 'couto redondo', 'latitud', 'longitud', 'cuartel', 'canton', 'rodal', 'denominación monte', 'denominacion casa', 'Lugo', 'Lugo1', 'Lugo2', 'SI', 'FSC', 'cod_fsc', 'cod_pefc', 'LicenciaF', 'LicenciaP', 'cod_monte', 'cod_fablica', 'Ofertada', 'A2334', '2015-11-17', '10000.000', 'Observaciones', '2015-11-12', '2015-11-13', 1, NULL, '2015-12-10', '2015-12-16', NULL, NULL, NULL, NULL, NULL, NULL, NULL, NULL, 0, 0, 0, 0, 0),
(2, 0, 0, 1, 1, 'ref_catastral', 'couto redondo', '9.34543', '8.34534', 'cuartel', 'canton', 'rodal', 'denomina monte ', 'denomina casa', 'Lugo', 'Lugo1', 'Lugo2', 'SI', 'FSC/PEFC', 'fsc cod', 'pefc cod', 'fsc lic', 'pefc lic', 'monte', 'fabrica', 'Ofertada', 'A 1234', '2015-11-10', '10000.000', 'Observaciones', '2015-11-17', '2015-11-24', 1, NULL, '2015-12-09', NULL, NULL, NULL, NULL, NULL, NULL, NULL, NULL, NULL, 0, 0, 0, 0, 0),
(3, 0, 0, 1, 0, 'asdfasdf', 'afdafda', 'asdasdfasdf', 'asdfasdf', 'asdfasdf', 'asdfasdf', 'sadfasdf', 'asdfasdf', 'asdfasdf', 'asdfasdf', 'asdfasdf', 'asdfasdf', 'SI', 'FSC/PEFC', 'codFSC', 'codPFC', 'LicFSC', 'licPEFC', 'asdfasdf', 'asdfasdf', 'Ofertada', 'A123', '2015-11-10', '200.000', 'Observaciones', '2015-11-17', '2015-11-24', 1, NULL, '2015-12-23', NULL, NULL, NULL, NULL, NULL, NULL, NULL, NULL, NULL, 0, 0, 0, 0, 0),
(4, 3, 3, NULL, NULL, '6671002PH1667S', NULL, '43.04584980010986', '-7.569783926010132', NULL, NULL, NULL, 'RU CANTEIROS (DOS) LUGO (LUGO)', 'RU CANTEIROS (DOS) LUGO (LUGO)', 'DOS', 'RU CANTEIROS', 'RU CANTEIROS', NULL, NULL, NULL, NULL, NULL, NULL, NULL, NULL, 'Ofertada', NULL, NULL, NULL, '', NULL, NULL, NULL, 0, '2015-12-01', NULL, NULL, NULL, NULL, NULL, NULL, NULL, NULL, NULL, 0, 0, 0, 0, 0),
(5, 3, 4, 0, 0, '6671002PH1667S', '', '43.04584980010986', '-7.569783926010132', '', '', '', 'RU CANTEIROS (DOS) LUGO (LUGO)', 'RU CANTEIROS (DOS) LUGO (LUGO)', 'DOS', 'RU CANTEIROS', 'RU CANTEIROS', 'SI', '', '', '', '', '', '', '', 'Comprada', '', NULL, '0.000', '', NULL, NULL, 1, NULL, '2015-12-02', NULL, NULL, NULL, NULL, NULL, NULL, NULL, NULL, NULL, 0, 0, 0, 0, 0),
(6, 4, 5, NULL, NULL, '6671002PH1667S', NULL, '43.045544028282166', '-7.569445967674255', NULL, NULL, NULL, 'RU CANTEIROS (DOS) LUGO ', 'Casa', 'LUGO', 'LUGO', 'LUGO', NULL, NULL, NULL, NULL, NULL, NULL, NULL, NULL, 'Ofertada', NULL, NULL, NULL, 'observaciones', NULL, NULL, NULL, 0, '2015-12-02', NULL, NULL, NULL, NULL, NULL, NULL, NULL, NULL, NULL, 0, 0, 0, 0, 0),
(17, 6, 16, NULL, NULL, '6671002PH1667S', NULL, '43.04574251174927', '-7.569306492805481', NULL, NULL, NULL, 'RU CANTEIROS (DOS) LUGO (LUGO)', '', 'LUGO', ' LUGO', '', NULL, NULL, NULL, NULL, NULL, NULL, NULL, NULL, 'Ofertada', NULL, NULL, NULL, '', NULL, NULL, NULL, 0, '2015-12-03', NULL, NULL, NULL, NULL, NULL, NULL, NULL, NULL, NULL, 0, 0, 0, 0, 0),
(18, 4, 17, NULL, NULL, '6671002PH1667S', NULL, '43.045570850372314', '-7.5694191455841064', NULL, NULL, NULL, 'RU CANTEIROS (DOS) LUGO (LUGO)', 'Casa1', 'LUGO', ' LUGO', 'Parroquia', NULL, NULL, NULL, NULL, NULL, NULL, NULL, NULL, 'Ofertada', NULL, NULL, NULL, 'palakakandnsjkdndjdndnxknenxnajnzbxnxbxzksnxnxksks', NULL, NULL, NULL, 0, '2015-12-03', NULL, NULL, NULL, NULL, NULL, NULL, NULL, NULL, NULL, 0, 0, 0, 0, 0),
(26, 1, 25, 0, 0, '27900A07709006', '', '43.04597854614258', '-7.569639086723328', '', '', '', 'Polígono 77 Parcela 9006 CR AL POLIGONO. LUGO (LUGO)', 'Casa', 'LUGO', ' LUGO', 'aa', 'SI', '', '', '', '', '', '', '', 'Finalizada', '', NULL, '0.000', 'jxbdjabxkdbx;', NULL, NULL, 1, NULL, '2015-12-31', NULL, NULL, NULL, NULL, NULL, NULL, NULL, NULL, NULL, 0, 0, 0, 0, 0),
(27, 1, 26, NULL, NULL, '6671002PH1667S', NULL, '43.045581579208374', '-7.569628357887268', NULL, NULL, NULL, 'RU CANTEIROS (DOS) LUGO (LUGO)', 'Casa', 'LUGO', ' LUGO', 'Parroquia', NULL, NULL, NULL, NULL, NULL, NULL, NULL, NULL, 'Ofertada', NULL, NULL, NULL, 'ndbdjdbdb;Pino;Eucalipto;', NULL, NULL, NULL, 0, '2015-12-04', NULL, NULL, NULL, NULL, NULL, NULL, NULL, NULL, NULL, 0, 0, 0, 0, 0),
(28, 0, 0, NULL, NULL, '6671002PH1667S', NULL, '43.04554824388768', '-7.5693435558806215', NULL, NULL, NULL, 'RU CANTEIROS (DOS) LUGO (LUGO)', 'jajaja', 'LUGO', ' LUGO', 'jajaja', NULL, NULL, NULL, NULL, NULL, NULL, NULL, NULL, 'Ofertada', NULL, NULL, NULL, 'jdjjd;null', NULL, NULL, NULL, 0, '2015-11-27', NULL, NULL, NULL, NULL, NULL, NULL, NULL, NULL, NULL, 0, 0, 0, 0, 0),
(29, 0, 0, 0, 0, '6671002PH1667S', '', '43.04555776', '-7.56933852', '', '', '', 'RU CANTEIROS (DOS) LUGO (LUGO)', 'jdjdjd', 'LUGO', ' LUGO', 'jajaja', 'SI', '', '', '', '', '', '', '', 'Explotacion', '', NULL, '0.000', 'sjjaja;null', NULL, NULL, 1, NULL, '2015-11-02', NULL, NULL, NULL, NULL, NULL, NULL, NULL, NULL, NULL, 0, 0, 0, 0, 0),
(30, 0, 0, NULL, NULL, '6671002PH1667S', NULL, '43.04560493269608', '-7.569500629946792', NULL, NULL, NULL, 'RU CANTEIROS (DOS) LUGO (LUGO)', '', 'LUGO', ' LUGO', '', NULL, NULL, NULL, NULL, NULL, NULL, NULL, NULL, 'Ofertada', NULL, NULL, NULL, ';null', NULL, NULL, NULL, 0, '2015-11-27', NULL, NULL, NULL, NULL, NULL, NULL, NULL, NULL, NULL, 0, 0, 0, 0, 0);

--
-- Extraindo dados da tabela `permisos_corta`
--

INSERT INTO `permisos_corta` (`id`, `id_parcela`, `couto_redondo`, `codigo_permiso`, `fecha_permiso`, `fecha_autorizacion`, `observaciones`, `id_permisos_corta_compartidos`, `lugar_sinatura`, `data_sinatura`, `mr_tabla_especies_unidade`, `mr_estado_madeira`, `mr_tipo_corta`, `mr_fecha_inicio_aproveitamento`, `mr_fecha_final_aproveitamento`, `mr_observacions`, `mr_mvmc`, `mr_concetracion_parcelaria`, `mr_especies_anexo1`, `mr_afecta_individuos_de_frondosa`, `mr_tratase_dun_aproveitamento_num_monte_incluido`, `mr_afectacion_de_camino_de_santiago`, `mr_afectacion_o_inventario_xeral`, `mr_incluindo_na_rede_natura`, `mr_afectacion_ribeira`, `mr_afectacion_zona_demarcada`, `mr_afectacion_plan_de_ordenacion`, `mr_aproveitamento_madeireiros_domestico`, `mr_aproveitamentos_madeireiros_expropiacion`, `mr_cortas_de_obrigada`, `mr_aproveitamentos_madeireiros_praga_enfermidade`, `ag_conca`, `ag_rio`, `ag_margen_derecha`, `ag_mergen_izquierda`, `ag_fin_corta_explocation_madereira`, `ag_fin_corta_limpeza_de_leitos`, `ag_fin_corta_outros_fins`, `ag_doc_xunta_fotocopia_dni`, `ag_doc_xunta_acreditacion_reprepresentacion`, `ag_doc_xunta_certificacion_catastral`, `ag_doc_xunta_plano_situacion`, `ag_doc_xunta_plano_esquema`, `ag_autorizo_augas`, `ag_poligno`, `ag_parcela`, `cms_en_zona_de_policia`, `cms_en_zona_de_servidume`, `cms_en_dominio_publico_hidra`, `cms_cauce`, `cms_embalse`, `cms_margen_derecha`, `cms_mergen_izquierda`, `cms_poligno`, `cms_parcela`, `cms_a_lo_largo_de`, `cms_arboles_nacidos_espontaneamente`, `cms_posse_autorizacion_del_plantador`, `cms_fueron_plantados_por_el_solicitante`, `cms_doc_modelo_solicitud`, `cms_doc_fotocopia_dni`, `cms_doc_documento_acredite_representacion`, `cms_doc_plano_catastral_finca`, `cms_doc_copia_escritura`, `cms_doc_superficie_inferior_1_ha`, `cms_doc_igual_o_superior_1_ha`, `cms_doc_arboles_fuerom_plantados`, `cms_numero_hectares_totales_corta`, `mr_extension_total_monte_se_vai_aproveitar`) VALUES
(1, 3, '', 'cod_permiso', '2015-11-01', '2015-11-24', 'Observaciones modificadas', NULL, NULL, NULL, NULL, NULL, NULL, NULL, NULL, NULL, 0, 0, 0, 0, 0, 0, 0, 0, 0, 0, 0, 0, 0, 0, 0, NULL, NULL, 0, 0, 0, 0, 0, 0, 0, 0, 0, 0, 0, NULL, NULL, 0, 0, 0, 0, 0, 0, 0, NULL, NULL, NULL, 0, 0, 0, 0, 0, 0, 0, 0, 0, 0, 0, NULL, NULL),
(2, 2, '', 'cod_corta', '2015-11-11', '2015-11-18', 'Observaciones', NULL, NULL, NULL, NULL, NULL, NULL, NULL, NULL, NULL, 0, 0, 0, 0, 0, 0, 0, 0, 0, 0, 0, 0, 0, 0, 0, NULL, NULL, 0, 0, 0, 0, 0, 0, 0, 0, 0, 0, 0, NULL, NULL, 0, 0, 0, 0, 0, 0, 0, NULL, NULL, NULL, 0, 0, 0, 0, 0, 0, 0, 0, 0, 0, 0, NULL, NULL),
(3, 2, '', 'cod_1', '2015-11-27', '2015-11-27', 'Observaciones', NULL, NULL, NULL, NULL, NULL, NULL, NULL, NULL, NULL, 0, 0, 0, 0, 0, 0, 0, 0, 0, 0, 0, 0, 0, 0, 0, NULL, NULL, 0, 0, 0, 0, 0, 0, 0, 0, 0, 0, 0, NULL, NULL, 0, 0, 0, 0, 0, 0, 0, NULL, NULL, NULL, 0, 0, 0, 0, 0, 0, 0, 0, 0, 0, 0, NULL, NULL);

--
-- Extraindo dados da tabela `propietario`
--

INSERT INTO `propietario` (`id`, `tipo_entidad`, `razon_social`, `nif_cif`, `direccion`, `cod_postal`, `termino_municipal`, `provincia`, `telefono`, `fax`, `email`, `funcion`, `nombre_rep`, `nif_cif_rep`, `direccion_rep`, `cod_postal_rep`, `termino_municipal_rep`, `provincia_rep`, `telefono_rep`, `fax_rep`, `email_rep`, `observaciones`, `tipo_via`, `nome_via`, `numero`, `bloque`, `andar`, `porta`, `localidade`, `nome_rep`, `primeiro_apelido_rep`, `segundo_apelido_rep`) VALUES
(1, 'Persona Jurídica', 'razon social', '33329896K', 'direccion', 'codpostal', 'termino_municipal', 'provincia', 'telefono', 'fax', 'mail@gmail.com', 'Comunidad Montes', 'nombre_rep', 'nif_cif_rep', 'direccion_rep', '23777_rep', 'termino_rep', 'provincia_rep', 'telefono_rep', 'fax_rep', 'email_rep', 'observaciones<br>', NULL, NULL, NULL, NULL, NULL, NULL, NULL, NULL, NULL, NULL),
(2, 'tipo_entidad2', 'razon social2', '23329896K', 'direccion2', '27002', 'termino_municipal2', 'provincia2', '982221532', '981232322', 'mail@gmail2.com', 'gestor2', 'nombre_rep2', 'nif_cif_rep2', 'direccion_rep2', '23777_rep2', 'termino_rep2', 'provincia_rep2', 'telefono_rep2', 'fax_rep2', 'email_rep2', 'texto para lo que me apetece hacer2', NULL, NULL, NULL, NULL, NULL, NULL, NULL, NULL, NULL, NULL);

--
-- Extraindo dados da tabela `propietario_ugf`
--

INSERT INTO `propietario_ugf` (`id`, `propietario_id`, `ugf_id`, `creado_por`) VALUES
(3, 2, 1, NULL);

--
-- Extraindo dados da tabela `puntos_perimetro`
--

INSERT INTO `puntos_perimetro` (`id`, `id_parcela`, `latitud`, `longitud`) VALUES
(5, 17, '43.04574251174927', '-7.569306492805481'),
(6, 17, '43.04546356201172', '-7.569381594657898'),
(7, 17, '43.045592308044434', '-7.569510340690613'),
(8, 17, '43.04574251174927', '-7.569306492805481'),
(9, 18, '43.045570850372314', '-7.5694191455841064'),
(10, 18, '43.045581579208374', '-7.569429874420166'),
(11, 18, '48.04546356201172', '2.43042528629303'),
(12, 21, '43.045592308044434', '-7.569515705108643'),
(13, 21, '43.045586943626404', '-7.569510340690613'),
(14, 21, '43.045592308044434', '-7.569510340690613'),
(15, 21, '43.045592308044434', '-7.569515705108643'),
(16, 27, '43.045581579208374', '-7.569628357887268'),
(17, 27, '43.04544746875763', '-7.569252848625183'),
(18, 27, '43.04544746875763', '-7.569220662117004'),
(19, 27, '43.045581579208374', '-7.569628357887268'),
(20, 29, '43.04555776', '-7.56933852'),
(21, 29, '43.04555776', '-7.56933852'),
(22, 29, '43.04555776', '-7.56933852'),
(23, 29, '43.04555776', '-7.56933852'),
(24, 30, '43.04560493269608', '-7.569500629946792'),
(25, 30, '43.04560493269608', '-7.569500629946792'),
(26, 30, '43.04560493269608', '-7.569500629946792'),
(27, 30, '43.04560493269608', '-7.569500629946792'),
(28, 30, '43.04560493269608', '-7.569500629946792');

--
-- Extraindo dados da tabela `sessions`
--

INSERT INTO `sessions` (`id`, `payload`, `last_activity`, `username`, `id_usuario`, `perfil`) VALUES
('521f60e502b046dbf6a9d1adfdc3c4708139961e', 'YTozOntzOjY6Il90b2tlbiI7czo0MDoieW83NlBHTWYyNlFLRFJPWTZUelZ5STNsWHZicmdRejFXNmVROXdqMCI7czo1OiJmbGFzaCI7YToyOntzOjM6Im9sZCI7YTowOnt9czozOiJuZXciO2E6MDp7fX1zOjk6Il9zZjJfbWV0YSI7YTozOntzOjE6InUiO2k6MTQzMTQ0MTk4OTtzOjE6ImMiO2k6MTQzMTQ0MTA2NztzOjE6ImwiO3M6MToiMCI7fX0=', 1431441989, NULL, NULL, NULL);


--
-- Extraindo dados da tabela `tarifas_empresa`
--

INSERT INTO `tarifas_empresa` (`id`, `id_empresa`, `id_especie`, `ejercicio`, `mes`, `precio_base_cc`, `precio_base_sc`, `prima_base`, `prima_cantidad`, `cadena_custodia`, `PEFC`, `FSC`, `indexacion`, `primas_extraordinarias`, `observaciones`, `id_producto`, `FSC_PEFC`) VALUES
(1, 1, 1, 2015, 'Febrero', '10.100', '0.000', '12.100', '13.100', '14.100', '15.100', '17.100', '22.200', '18.100', 'Observaciones1', 6, '21.10');

--
-- Extraindo dados da tabela `tarifas_recurso`
--

INSERT INTO `tarifas_recurso` (`id`, `desde_fecha`, `hasta_fecha`, `precio_hora`, `observaciones`, `id_recurso`) VALUES
(3, '2015-01-01', '2015-12-31', '15.34', 'observaciones', 1),
(4, '2015-11-01', '2015-11-30', '12.21', 'Observaciones1', 2);

--
-- Extraindo dados da tabela `unidad`
--

INSERT INTO `unidad` (`id`, `certificado_id`, `ugf_id`, `membro_id`, `distrito`, `concelho`, `freguesia`, `seccao_cadastral`, `predio_artigo`, `artigo_matricial`, `area`, `unidades`, `forma_gestao`, `predio`, `talhao`, `parcela`, `sub_parcela`, `estrato_florestal`, `observacoes`, `creado_por`, `nome`, `area_matricial`) VALUES
(2, '7', '6', '6', 'Distrito', 'Concelho', 'Freguesia', '1111111111', '11111', '11112', '10.23', 3, 'Proprietário', '1111', '1112', '1113', '1123', 'pinho', 'Observacoes<br>', 17, 'Nome prédio 1 Aderente 1', '23.26'),
(3, '7', '6', '6', 'Dsitrito', 'Concelho', 'Freguesia', '222222222', '22222', '22222', '13.00', 3, 'Proprietário', '22222', '22221', '22223', '22224', 'eucalipto', 'texto do prédio 2<br>', 17, 'Nome prédio 2 Aderente 1 ', NULL),
(4, '7', '7', '7', 'Distrito', 'Concelho', 'Freguesia', '333333333', '33333', '33333', '20.00', 3, 'Proprietário', '333333', '333331', '333332', '333334', '', 'texto predio 3<br>', 17, 'Nome prédio 3 Aderente 2', NULL),
(5, '7', '7', '7', 'Distrito', 'Concelho', 'Freguesia', '444444444 ', '44444', '44444', '30.00', 3, 'Arrendatário', '44444', '44441', '44442', '44443', '', 'prédio 4.<br>', 17, 'Nome prédio 4 Aderente 2', NULL),
(7, '7', '11', '11', 'Dsitrito', 'Concelho ', 'Freguesia', '111111113', '11113', '1113', '10.00', 3, 'Proprietário', '1111', '2222', '3333', '4444', 'Eucalipto', '', 17, 'Nome prédio 1 Aderente3', NULL),
(8, '7', '12', '12', 'Dsitrito', 'Concelho ', 'Freguesia', '111111114', '11114', '1114', '10.00', 3, 'Proprietário', '1111', '2222', '3333', '4444', 'Eucalipto', '', 17, 'Nome prédio 1 Aderente4', NULL),
(9, '7', '13', '13', 'Dsitrito', 'Concelho ', 'Freguesia', '111111115', '11115', '1115', '10.00', 3, 'Proprietário', '1111', '2222', '3333', '4444', 'Eucalipto', '', 17, 'Nome prédio 1 Aderente5', NULL),
(10, '7', '14', '14', 'Dsitrito', 'Concelho ', 'Freguesia', '111111116', '11116', '1116', '10.00', 3, 'Proprietário', '1111', '2222', '3333', '4444', 'Eucalipto', '', 17, 'Nome prédio 1 Aderente6', NULL),
(11, '7', '15', '15', 'Dsitrito', 'Concelho ', 'Freguesia', '111111117', '11117', '1117', '10.00', 3, 'Proprietário', '1111', '2222', '3333', '4444', 'Eucalipto', '', 17, 'Nome prédio 1 Aderente7', NULL),
(12, '7', '16', '16', 'Dsitrito', 'Concelho ', 'Freguesia', '111111118', '11118', '1118', '10.00', 3, 'Proprietário', '1111', '2222', '3333', '4444', 'Eucalipto', '', 17, 'Nome prédio 1 Aderente8', NULL),
(13, '7', '17', '17', 'Dsitrito', 'Concelho ', 'Freguesia', '111111119', '11119', '1119', '10.00', 3, 'Proprietário', '1111', '2222', '3333', '4444', 'Eucalipto', '', 17, 'Nome prédio 1 Aderente9', NULL),
(14, '7', '18', '18', 'Dsitrito', 'Concelho ', 'Freguesia', '111111110', '11110', '1110', '10.00', 3, 'Proprietário', '1111', '2222', '3333', '4444', 'Eucalipto', '', 17, 'Nome prédio 1 Aderente10', NULL),
(15, '7', '19', '19', 'Dsitrito', 'Concelho ', 'Freguesia', '111111111', '11111', '1111', '10.00', 3, 'Proprietário', '1111', '2222', '3333', '4444', 'Eucalipto', '', 17, 'Nome prédio 1 Aderente11', NULL),
(16, '7', '20', '20', 'Dsitrito', 'Concelho ', 'Freguesia', '111111012', '11012', '1012', '10.00', 3, 'Proprietário', '1111', '2222', '3333', '4444', 'Eucalipto', '', 17, 'Nome prédio 1 Aderente12', NULL),
(17, '7', '21', '21', 'Dsitrito', 'Concelho ', 'Freguesia', '111111013', '11013', '1013', '10.00', 3, 'Proprietário', '1111', '2222', '3333', '4444', 'Eucalipto', '', 17, 'Nome prédio 1 Aderente13', NULL),
(18, '7', '22', '22', 'Dsitrito', 'Concelho ', 'Freguesia', '111111014', '11014', '1014', '10.00', 3, 'Proprietário', '1111', '2222', '3333', '4444', 'Eucalipto', '', 17, 'Nome prédio 1 Aderente14', NULL),
(19, '7', '23', '23', 'Dsitrito', 'Concelho ', 'Freguesia', '111111015', '11015', '1015', '10.00', 3, 'Proprietário', '1111', '2222', '3333', '4444', 'Eucalipto', '', 17, 'Nome prédio 1 Aderente15', NULL),
(20, '7', '24', '24', 'Dsitrito', 'Concelho ', 'Freguesia', '111111016', '11016', '1016', '10.00', 3, 'Proprietário', '1111', '2222', '3333', '4444', 'Eucalipto', '', 17, 'Nome prédio 1 Aderente16', NULL),
(21, '7', '25', '25', 'Dsitrito', 'Concelho ', 'Freguesia', '111111017', '11017', '1017', '10.00', 3, 'Proprietário', '1111', '2222', '3333', '4444', 'Eucalipto', '', 17, 'Nome prédio 1 Aderente17', NULL),
(22, '7', '26', '26', 'Dsitrito', 'Concelho ', 'Freguesia', '111111018', '11018', '1018', '10.00', 3, 'Proprietário', '1111', '2222', '3333', '4444', 'Eucalipto', '', 17, 'Nome prédio 1 Aderente18', NULL),
(23, '7', '27', '27', 'Dsitrito', 'Concelho ', 'Freguesia', '111111019', '11019', '1019', '10.00', 3, 'Proprietário', '1111', '2222', '3333', '4444', 'Eucalipto', '', 17, 'Nome prédio 1 Aderente19', NULL),
(24, '7', '28', '28', 'Dsitrito', 'Concelho ', 'Freguesia', '111111020', '11020', '1020', '10.00', 3, 'Proprietário', '1111', '2222', '3333', '4444', 'Eucalipto', '', 17, 'Nome prédio 1 Aderente20', NULL);

--
-- Extraindo dados da tabela `unidades_area`
--

INSERT INTO `unidades_area` (`id`, `nombre`, `last_update`, `creado_por`) VALUES
(1, 'Metro quadrado', '2015-03-23', NULL),
(2, 'Área', '2015-03-27', NULL),
(3, 'Hectare', '2015-03-27', NULL);

--
-- Extraindo dados da tabela `usuario`
--

INSERT INTO `usuario` (`id`, `nombre`, `userName`, `password`, `email`, `imagen`, `grupo_id`, `tipo`, `creado_por`, `nif_cif`, `localidade`, `direccion`) VALUES
(42, 'Superadmin', 'superadmin', 'e10adc3949ba59abbe56e057f20f883e', 'superadmin@empresa.com', NULL, 2, NULL, 46, '', '', ''),
(43, 'Admin', 'admin', 'e10adc3949ba59abbe56e057f20f883e', 'admin@empresa.com', NULL, 1, NULL, 42, NULL, NULL, NULL),
(44, 'Transportista', 'transportista', 'e10adc3949ba59abbe56e057f20f883e', 'transportista@empresa.com', NULL, 3, NULL, 42, NULL, NULL, NULL),
(45, 'Comprador', 'comprador', 'e10adc3949ba59abbe56e057f20f883e', 'comprador@empresa.com', NULL, 4, NULL, 42, NULL, NULL, NULL),
(46, 'Gestor', 'gestor', 'e10adc3949ba59abbe56e057f20f883e', 'gestor@empresa.com', NULL, 1, NULL, 42, NULL, NULL, NULL);

